{"id":327,"date":"2007-01-25T22:44:27","date_gmt":"2007-01-25T21:44:27","guid":{"rendered":"http:\/\/www.theglade.com\/toleblog\/?page_id=327"},"modified":"2007-02-02T07:22:58","modified_gmt":"2007-02-02T06:22:58","slug":"umfrage","status":"publish","type":"page","link":"https:\/\/www.theglade.com\/toleblog\/?page_id=327","title":{"rendered":"Abstimmung &#8222;Best of theglade&#8220;"},"content":{"rendered":"<p>In den letzten 10 Jahren gab es eine Vielzahl toller und folgenschwerer Beitr\u00e4ge auf theglade.com. Zum Jubil\u00e4um soll nun der beste Beitrag gek\u00fcrt werden.<\/p>\n<p>Zur Auswahl stehen zehn von mir ausgew\u00e4hlte Beitr\u00e4ge aus verschiedenen Jahren und mit v\u00f6llig unterschiedlichem Inhalt und Umfang. Sollte ich irgendetwas unbedingt noch mitber\u00fccksichtigen, bitte ich um einen Hinweis.<\/p>\n<p>[poll=2]<\/p>\n","protected":false},"excerpt":{"rendered":"<p>In den letzten 10 Jahren gab es eine Vielzahl toller und folgenschwerer Beitr\u00e4ge auf theglade.com. Zum Jubil\u00e4um soll nun der beste Beitrag gek\u00fcrt werden. Zur Auswahl stehen zehn von mir ausgew\u00e4hlte Beitr\u00e4ge aus verschiedenen Jahren und mit v\u00f6llig unterschiedlichem Inhalt und Umfang. Sollte ich irgendetwas unbedingt noch mitber\u00fccksichtigen, bitte ich um einen Hinweis. [poll=2]<\/p>\n","protected":false},"author":1,"featured_media":0,"parent":0,"menu_order":0,"comment_status":"open","ping_status":"open","template":"","meta":{"footnotes":""},"class_list":["post-327","page","type-page","status-publish","hentry"],"_links":{"self":[{"href":"https:\/\/www.theglade.com\/toleblog\/index.php?rest_route=\/wp\/v2\/pages\/327","targetHints":{"allow":["GET"]}}],"collection":[{"href":"https:\/\/www.theglade.com\/toleblog\/index.php?rest_route=\/wp\/v2\/pages"}],"about":[{"href":"https:\/\/www.theglade.com\/toleblog\/index.php?rest_route=\/wp\/v2\/types\/page"}],"author":[{"embeddable":true,"href":"https:\/\/www.theglade.com\/toleblog\/index.php?rest_route=\/wp\/v2\/users\/1"}],"replies":[{"embeddable":true,"href":"https:\/\/www.theglade.com\/toleblog\/index.php?rest_route=%2Fwp%2Fv2%2Fcomments&post=327"}],"version-history":[{"count":0,"href":"https:\/\/www.theglade.com\/toleblog\/index.php?rest_route=\/wp\/v2\/pages\/327\/revisions"}],"wp:attachment":[{"href":"https:\/\/www.theglade.com\/toleblog\/index.php?rest_route=%2Fwp%2Fv2%2Fmedia&parent=327"}],"curies":[{"name":"wp","href":"https:\/\/api.w.org\/{rel}","templated":true}]}}