{"id":968,"date":"2021-03-09T17:06:11","date_gmt":"2021-03-09T16:06:11","guid":{"rendered":"https:\/\/www.theglade.com\/?page_id=968"},"modified":"2021-03-09T17:06:19","modified_gmt":"2021-03-09T16:06:19","slug":"datenschutzerklaerung-2","status":"publish","type":"page","link":"https:\/\/www.theglade.com\/?page_id=968","title":{"rendered":"Datenschutzerkl\u00e4rung"},"content":{"rendered":"\n<p>Diese Datenschutzerkl\u00e4rung gilt f\u00fcr <strong>theglade.com<\/strong>, <strong>tscs.net<\/strong> und alle damit verbundenen Webseiten, Mobilen Apps und Programme.<\/p>\n\n\n\n<p>Grunds\u00e4tzlich:<\/p>\n\n\n\n<ul class=\"wp-block-list\"><li>werden nur Daten gesammelt, die f\u00fcr das Funktionieren der Seiten und Produkte notwendig sind.<\/li><li>werden die Informationen, die \u00fcber Nutzer gesammelt werden, so gut wie m\u00f6glich gesch\u00fctzt.<\/li><li>werden keinerlei personenbezogene Daten unserer Nutzer verkauft.<\/li><\/ul>\n\n\n\n<p><strong>Datenschutzerkl\u00e4rung<\/strong><\/p>\n\n\n\n<p>theglade.com\/tscs.net (Tobias Schneider, Wiesenstr. 14, 71409 Schwaikheim) nimmt den Schutz Ihrer pers\u00f6nlichen Daten sehr ernst und geht mit ihnen sorgf\u00e4ltig im Rahmen der jeweils g\u00fcltigen datenschutzrechtlichen Bestimmungen um. Die nachfolgende Erkl\u00e4rung informiert Sie dar\u00fcber, welche personenbezogenen Daten wir erheben und wie wir diese verarbeiten und nutzen. tscs.net aktualisiert diese Datenschutzerkl\u00e4rung von Zeit zu Zeit; ma\u00dfgeblich ist die jeweils aktuelle Fassung.<\/p>\n\n\n\n<p>1. Gegenstand dieser Datenschutzerkl\u00e4rung<\/p>\n\n\n\n<p>Grundprinzipien des deutschen Datenschutzrechts sind die Datenvermeidung von nicht ben\u00f6tigten Daten, eine m\u00f6glichst sparsame Datenerhebung, -verarbeitung und -nutzung, sowie eine Pseudonymisierung oder Anonymisierung von Daten, soweit dies m\u00f6glich und kein unverh\u00e4ltnism\u00e4\u00dfiger Aufwand ist. Die nachfolgende Datenschutzerkl\u00e4rung gibt Ihnen einen \u00dcberblick dar\u00fcber, wie wir diesen Schutz gew\u00e4hrleisten und welche Art von Daten zu welchem Zweck erhoben werden.<\/p>\n\n\n\n<p>Diese Datenschutzerkl\u00e4rung gilt f\u00fcr alle Dienste, die auf den tscs.net-Internetseiten sowie auf den einzelnen Spiele\/App Seiten, angeboten werden Soweit nicht anders erw\u00e4hnt, regelt diese Datenschutzerkl\u00e4rung ausschlie\u00dflich, wie tscs.net\/theglade.com mit Ihren personenbezogenen Daten umgeht. F\u00fcr den Fall, dass Sie Leistungen Dritter in Anspruch nehmen, gelten ausschlie\u00dflich die Datenschutzbedingungen dieser Dritten. Wir \u00fcberpr\u00fcfen Datenschutzbedingungen Dritter nicht.<\/p>\n\n\n\n<p>2. Verantwortliche Stelle<\/p>\n\n\n\n<p>Bei Fragen zum Datenschutz wenden Sie sich bitte an info@tscs.net. Unter dieser Adresse k\u00f6nnen Sie all ihre Fragen zum Datenschutz stellen. Andere Kosten als die \u00dcbermittlungskosten (also die Kosten Ihrer Internet-, Email, Mobilfunk- oder Telefonverbindung) entstehen Ihnen hierdurch nicht. Alternativ k\u00f6nnen Sie sich auch per Post \u00fcber die oben stehende Postadresse an uns wenden.<\/p>\n\n\n\n<p>3. Allgemeines<\/p>\n\n\n\n<p>Wir erheben, verarbeiten und nutzen personenbezogene Daten \u2013 soweit nicht bereits durch gesetzliche Erlaubnistatbest\u00e4nde gestattet \u2013 nur mit Ihrer Einwilligung. Personenbezogene Daten werden von uns nur im technisch notwendigen Umfang erhoben, um den mit Ihnen geschlossenen Nutzervertrag erf\u00fcllen zu k\u00f6nnen.<\/p>\n\n\n\n<p>4. Datenschutz in mobilen Apps<\/p>\n\n\n\n<p>Es ist technisch notwendig, die Ger\u00e4te-ID des von Ihnen verwendeten mobilen Endger\u00e4tes auszulesen, um Ihnen etwaige In-App-Dienstleistungen anbieten zu k\u00f6nnen, um z.B. in-App-K\u00e4ufe abwickeln oder Push-Nachrichten schicken zu k\u00f6nnen. Ihre IP Adresse speichern wir nicht.<\/p>\n\n\n\n<p>tscs.net erhebt und speichert automatisch in ihren Server Log Files Informationen ohne Personenbezug die wir ben\u00f6tigen, um die Angebote verbessern zu k\u00f6nnen und einen reibungsloses Funktionieren zu gew\u00e4hrleisten.<\/p>\n\n\n\n<p>4.1. Speicherung von Daten auf mobilen Endger\u00e4ten<\/p>\n\n\n\n<p>F\u00fcr die Speicherung von Fortschritten bei Spielen (z.B. Steinmetz RUN!) oder f\u00fcr andere Funktionen wie Highscore-Listen oder \u00e4hnlichem ist es notwendig, dass die entsprechenden Apps Daten auf Ihrem Ger\u00e4t abspeichern und auch wieder auslesen. tscs.net greift dabei nur auf App-bezogene Daten zu, au\u00dfer der Nutzer w\u00e4hlt andere Daten gezielt aus (z.B. Verarbeitung von Profil-Bildern etc.).<\/p>\n\n\n\n<p>4.2. Facebook Plug-ins<\/p>\n\n\n\n<p>tscs.net\/theglade.com verwendet Plug-ins (\u201ePlug-ins\u201c) des sozialen Netzwerkes facebook.com, um die Einladung von Freunden \u00fcber Facebook zu erm\u00f6glichen oder Spielfortschritte auf Facebook mit anderen zu teilen. Diese Plug-Ins werden von der Facebook Inc., 1601 S. California Ave, Palo Alto, CA 94304, USA betrieben (\u201eFacebook\u201c). Die Plug-ins sind an einem der Facebook Logos erkennbar (wei\u00dfes \u201ef\u201c auf blauer Kachel oder ein \u201eDaumen hoch\u201c-Zeichen) oder wir haben sie mit dem Zusatz \u201eFacebook Social Plugin\u201c gekennzeichnet.<\/p>\n\n\n\n<p>Wenn der Nutzer den Button \u201eTeilen \u00fcber Facebook\u201c zum Posten eines Beitrags benutzt, baut der Internet-Browser des Nutzers eine direkte Verbindung mit den Servern von Facebook auf. Der Inhalt des Plug-ins wird von Facebook direkt an den Nutzerbrowser und zur\u00fcck \u00fcbermittelt. Wir haben keinen Einfluss auf den Umfang der Daten, die Facebook mit Hilfe dieses Plug-ins erhebt und informieren den Nutzer daher entsprechend unserem Kenntnisstand: Wenn der Nutzer bei Facebook eingeloggt ist, kann Facebook den Besuch dem pers\u00f6nlichen Facebook-Konto zuordnen. Wenn der Nutzer mit den Plug-ins interagiert, wird die entsprechende Information vom Browser direkt an Facebook \u00fcbermittelt und dort gespeichert. Wenn der Nutzer Facebook nicht nutzt, kann der Dienst dennoch zumindest die IP-Adresse sammeln und diese speichern. Zweck und Umfang der Datenerhebung und die weitere Verarbeitung und Nutzung der Daten durch Facebook sowie diesbez\u00fcgliche Nutzerrechte und Einstellungsm\u00f6glichkeiten zum Schutz der Nutzerprivatsph\u00e4re stehen in den Datenschutzhinweisen von Facebook: <a href=\"http:\/\/theglade.com\/cms\/www.facebook.com\/policy.php.\" target=\"_Blank\" rel=\"noreferrer noopener\">www.facebook.com\/policy.php<\/a>.<\/p>\n\n\n\n<p>Wenn der Nutzer Facebook-Mitglied ist, aber nicht m\u00f6chte, dass Facebook \u00fcber die T\u00e4tigkeiten des Users in der App Daten sammelt und mit dem bei Facebook gespeicherten Daten verkn\u00fcpft, muss der Nutzer sich vor dem Spielen bei Facebook ausloggen.<\/p>\n\n\n\n<p>Falls der Nutzer nicht Facebook-Mitglied ist bzw. dort (noch) nicht einer Datenerhebung und -verwendung zugestimmt hat, empfehlen wir dem Nutzer, Facebook Plug-ins nicht anzuklicken.<\/p>\n\n\n\n<p>5. Datenschutz auf unseren Websites<\/p>\n\n\n\n<p>tscs.net\/theglade.com erhebt und speichert automatisch in ihren Server Log Files Informationen, die Ihr Browser an uns \u00fcbermittelt. Dies sind: Browsertyp\/-version verwendetes Betriebssystem Referrer URL (die zuvor besuchte Seite) Hostname des zugreifenden Rechners (IP Adresse) Uhrzeit der Serveranfrage Diese Daten sind nicht bestimmten Personen zuordenbar. Eine Zusammenf\u00fchrung dieser Daten mit anderen Datenquellen wird nicht vorgenommen, die Daten werden zudem nach einer statistischen Auswertung gel\u00f6scht.<\/p>\n\n\n\n<p>Sofern Sie sich auf unseren Internetseiten registrieren ist die Angabe von personenbezogenen Daten notwendig. Bei diesen Daten handelt es sich beispielsweise um Ihren Namen, Ihre Anschrift, Ihre E-Mail-Adresse und sonstige pers\u00f6nliche Daten, die von tscs.net\/theglade.com im Einzelfall abgefragt werden.<\/p>\n\n\n\n<p>5.1. Cookies<\/p>\n\n\n\n<p>Cookies sind kleine Dateien, die tempor\u00e4r oder permanent auf Ihrer Festplatte abgelegt werden und wiederkehrende Nutzer identifizieren k\u00f6nnen. Auf dieser Website werden keine Cookies verwendet. Wenn Sie die Installation von Cookies verhindern wollen oder individuelle Cookies l\u00f6schen m\u00f6chten, dann folgen Sie bitte den entsprechenden Anweisungen des Herstellers Ihres Browsers.<\/p>\n\n\n\n<p>6. Verwendung sonstiger Plug-ins<\/p>\n\n\n\n<p>Unsere Spiele, Dienste und Webseiten k\u00f6nnen auch weitere sog. Plug-ins enthalten. Der jeweilige Plug-in liegt in der Verantwortung seines jeweiligen Anbieters (z.B. Twitter, Google). Auch hier haben wir daher keinen Einfluss auf den Umfang der Daten, die der jeweilige Anbieter mit Hilfe dieses Plug-ins erhebt oder wie er sie verwendet. Falls der Nutzer noch nicht Kunde des Anbieters eines Plug-in ist bzw. dort (noch) nicht einer Datenerhebung und -verwendung zugestimmt hast, empfehlen wir dem Nutzer, derartige Plug-ins nicht zu benutzen bzw. anzuklicken. Wenn der Nutzer dagegen schon Kunde der Dienste des Anbieters eines Plug-in ist, so sollte sich der Nutzer direkt bei dem jeweiligen Anbieter \u00fcber Art, Umfang und Zwecke der Erhebung und Verwendung personenbezogener Daten informieren.<\/p>\n","protected":false},"excerpt":{"rendered":"<p>Diese Datenschutzerkl\u00e4rung gilt f\u00fcr theglade.com, tscs.net und alle damit verbundenen Webseiten, Mobilen Apps und Programme. Grunds\u00e4tzlich: werden nur Daten gesammelt, die f\u00fcr das Funktionieren der Seiten und Produkte notwendig sind. werden die Informationen, die \u00fcber Nutzer gesammelt werden, so gut wie m\u00f6glich gesch\u00fctzt. werden keinerlei personenbezogene Daten unserer Nutzer verkauft. Datenschutzerkl\u00e4rung theglade.com\/tscs.net (Tobias Schneider, Wiesenstr. <a class=\"more-link\" href=\"https:\/\/www.theglade.com\/?page_id=968\">weiterlesen&#8230;<\/a><\/p>\n","protected":false},"author":1,"featured_media":0,"parent":964,"menu_order":0,"comment_status":"closed","ping_status":"closed","template":"","meta":{"footnotes":""},"class_list":["post-968","page","type-page","status-publish","hentry"],"_links":{"self":[{"href":"https:\/\/www.theglade.com\/index.php?rest_route=\/wp\/v2\/pages\/968","targetHints":{"allow":["GET"]}}],"collection":[{"href":"https:\/\/www.theglade.com\/index.php?rest_route=\/wp\/v2\/pages"}],"about":[{"href":"https:\/\/www.theglade.com\/index.php?rest_route=\/wp\/v2\/types\/page"}],"author":[{"embeddable":true,"href":"https:\/\/www.theglade.com\/index.php?rest_route=\/wp\/v2\/users\/1"}],"replies":[{"embeddable":true,"href":"https:\/\/www.theglade.com\/index.php?rest_route=%2Fwp%2Fv2%2Fcomments&post=968"}],"version-history":[{"count":1,"href":"https:\/\/www.theglade.com\/index.php?rest_route=\/wp\/v2\/pages\/968\/revisions"}],"predecessor-version":[{"id":969,"href":"https:\/\/www.theglade.com\/index.php?rest_route=\/wp\/v2\/pages\/968\/revisions\/969"}],"up":[{"embeddable":true,"href":"https:\/\/www.theglade.com\/index.php?rest_route=\/wp\/v2\/pages\/964"}],"wp:attachment":[{"href":"https:\/\/www.theglade.com\/index.php?rest_route=%2Fwp%2Fv2%2Fmedia&parent=968"}],"curies":[{"name":"wp","href":"https:\/\/api.w.org\/{rel}","templated":true}]}}