{"id":955,"date":"2021-03-09T16:50:53","date_gmt":"2021-03-09T15:50:53","guid":{"rendered":"https:\/\/www.theglade.com\/?page_id=955"},"modified":"2021-03-11T23:25:00","modified_gmt":"2021-03-11T22:25:00","slug":"symbole-fuer-erstklaessler","status":"publish","type":"page","link":"https:\/\/www.theglade.com\/?page_id=955","title":{"rendered":"Symbole f\u00fcr Erstkl\u00e4ssler"},"content":{"rendered":"\n<p>Vor fast 20 Jahren erstellte ich diese verschiedenen Strichm\u00e4nnchen als Symbole f\u00fcr den Unterricht mit Erstkl\u00e4sslern. Damit k\u00f6nnen verschiedene F\u00e4cher symbolisiert werden, damit die Kinder wissen, welches Unterrichtsfach gerade dran ist (z.B. durch Anbringen des jeweiligen Symbols an der Tafel). Im Laufe der Jahre wurden die Symbole aufgrund der hohen Nachfrage immer wieder erg\u00e4nzt (Sozialformen &amp; Dienste) und sind dadurch meine wohl erfolgreichsten Zeichnungen.<\/p>\n\n\n\n<p>Die Symbole sind so einfach gehalten, dass sie von den Kindern auch selbst nachgezeichnet und erweitert werden k\u00f6nnen. So ist ein &#8222;Klassenbild&#8220; mit eigenen Figuren m\u00f6glich, die Bezug auf die individuellen&nbsp;Interessen, Musikinstrumente oder Haustiere nehmen (siehe Beispiele).<\/p>\n\n\n\n<p>Sollte jemand Interesse an den Grafiken haben, so bitte ich um eine R\u00fcckmeldung an <a href=\"mailto:tobias@theglade.com\">tobias@theglade.com<\/a>. Ich schicke dann auch gerne hochaufl\u00f6sende bzw. frei skalierbare Versionen der Grafiken zu.<\/p>\n\n\n<div class=\"foogallery foogallery-container foogallery-justified foogallery-lightbox-foobox fg-justified fg-light fg-shadow-outline fg-loading-default fg-loaded-fade-in fg-caption-always fg-hover-fade fg-hover-zoom2 fg-ready\" id=\"foogallery-gallery-957\" data-foogallery=\"{&quot;item&quot;:{&quot;showCaptionTitle&quot;:true,&quot;showCaptionDescription&quot;:false},&quot;lazy&quot;:true,&quot;src&quot;:&quot;data-src-fg&quot;,&quot;srcset&quot;:&quot;data-srcset-fg&quot;,&quot;template&quot;:{&quot;rowHeight&quot;:200,&quot;maxRowHeight&quot;:&quot;150%&quot;,&quot;margins&quot;:20,&quot;lastRow&quot;:&quot;nojustify&quot;}}\" data-fg-common-fields=\"1\" >\r\n\t<div class=\"fg-item\"><figure class=\"fg-item-inner\"><a href=\"https:\/\/www.theglade.com\/wp-content\/uploads\/2021\/03\/schreiben_f.gif\" data-attachment-id=\"355\" class=\"fg-thumb\"><span class=\"fg-image-wrap\"><img height=\"250\" width=\"298\" data-src-fg=\"https:\/\/www.theglade.com\/wp-content\/uploads\/cache\/2021\/03\/schreiben_f\/3386776794.png\" class=\"fg-image\" \/><\/span><\/a><figcaption class=\"fg-caption\"><div class=\"fg-caption-inner\"><\/div><\/figcaption><\/figure><div class=\"fg-loader\"><\/div><\/div><div class=\"fg-item\"><figure class=\"fg-item-inner\"><a href=\"https:\/\/www.theglade.com\/wp-content\/uploads\/2021\/03\/rechnen_f.gif\" data-attachment-id=\"351\" class=\"fg-thumb\"><span class=\"fg-image-wrap\"><img height=\"250\" width=\"203\" data-src-fg=\"https:\/\/www.theglade.com\/wp-content\/uploads\/cache\/2021\/03\/rechnen_f\/1736485026.png\" class=\"fg-image\" \/><\/span><\/a><figcaption class=\"fg-caption\"><div class=\"fg-caption-inner\"><\/div><\/figcaption><\/figure><div class=\"fg-loader\"><\/div><\/div><div class=\"fg-item\"><figure class=\"fg-item-inner\"><a href=\"https:\/\/www.theglade.com\/wp-content\/uploads\/2021\/03\/sachk_f.gif\" data-attachment-id=\"354\" class=\"fg-thumb\"><span class=\"fg-image-wrap\"><img height=\"250\" width=\"175\" data-src-fg=\"https:\/\/www.theglade.com\/wp-content\/uploads\/cache\/2021\/03\/sachk_f\/670743251.png\" class=\"fg-image\" \/><\/span><\/a><figcaption class=\"fg-caption\"><div class=\"fg-caption-inner\"><\/div><\/figcaption><\/figure><div class=\"fg-loader\"><\/div><\/div><div class=\"fg-item\"><figure class=\"fg-item-inner\"><a href=\"https:\/\/www.theglade.com\/wp-content\/uploads\/2021\/03\/religion_f.gif\" data-attachment-id=\"352\" class=\"fg-thumb\"><span class=\"fg-image-wrap\"><img height=\"250\" width=\"195\" data-src-fg=\"https:\/\/www.theglade.com\/wp-content\/uploads\/cache\/2021\/03\/religion_f\/528122174.png\" class=\"fg-image\" \/><\/span><\/a><figcaption class=\"fg-caption\"><div class=\"fg-caption-inner\"><\/div><\/figcaption><\/figure><div class=\"fg-loader\"><\/div><\/div><div class=\"fg-item\"><figure class=\"fg-item-inner\"><a href=\"https:\/\/www.theglade.com\/wp-content\/uploads\/2021\/03\/musik_f.gif\" data-attachment-id=\"348\" class=\"fg-thumb\"><span class=\"fg-image-wrap\"><img height=\"250\" width=\"212\" data-src-fg=\"https:\/\/www.theglade.com\/wp-content\/uploads\/cache\/2021\/03\/musik_f\/3963032188.png\" class=\"fg-image\" \/><\/span><\/a><figcaption class=\"fg-caption\"><div class=\"fg-caption-inner\"><\/div><\/figcaption><\/figure><div class=\"fg-loader\"><\/div><\/div><div class=\"fg-item\"><figure class=\"fg-item-inner\"><a href=\"https:\/\/www.theglade.com\/wp-content\/uploads\/2021\/03\/malen_f.gif\" data-attachment-id=\"347\" class=\"fg-thumb\"><span class=\"fg-image-wrap\"><img height=\"250\" width=\"173\" data-src-fg=\"https:\/\/www.theglade.com\/wp-content\/uploads\/cache\/2021\/03\/malen_f\/3386578373.png\" class=\"fg-image\" \/><\/span><\/a><figcaption class=\"fg-caption\"><div class=\"fg-caption-inner\"><\/div><\/figcaption><\/figure><div class=\"fg-loader\"><\/div><\/div><div class=\"fg-item\"><figure class=\"fg-item-inner\"><a href=\"https:\/\/www.theglade.com\/wp-content\/uploads\/2021\/03\/englisch_f.gif\" data-attachment-id=\"377\" class=\"fg-thumb\"><span class=\"fg-image-wrap\"><img height=\"250\" width=\"280\" data-src-fg=\"https:\/\/www.theglade.com\/wp-content\/uploads\/cache\/2021\/03\/englisch_f\/4188204774.png\" class=\"fg-image\" \/><\/span><\/a><figcaption class=\"fg-caption\"><div class=\"fg-caption-inner\"><\/div><\/figcaption><\/figure><div class=\"fg-loader\"><\/div><\/div><div class=\"fg-item\"><figure class=\"fg-item-inner\"><a href=\"https:\/\/www.theglade.com\/wp-content\/uploads\/2021\/03\/pause_f.gif\" data-attachment-id=\"350\" class=\"fg-thumb\"><span class=\"fg-image-wrap\"><img height=\"250\" width=\"222\" data-src-fg=\"https:\/\/www.theglade.com\/wp-content\/uploads\/cache\/2021\/03\/pause_f\/307882313.png\" class=\"fg-image\" \/><\/span><\/a><figcaption class=\"fg-caption\"><div class=\"fg-caption-inner\"><\/div><\/figcaption><\/figure><div class=\"fg-loader\"><\/div><\/div><div class=\"fg-item\"><figure class=\"fg-item-inner\"><a href=\"https:\/\/www.theglade.com\/wp-content\/uploads\/2021\/03\/Tafeldienst1000.png\" data-attachment-id=\"363\" class=\"fg-thumb\"><span class=\"fg-image-wrap\"><img height=\"250\" width=\"204\" data-src-fg=\"https:\/\/www.theglade.com\/wp-content\/uploads\/cache\/2021\/03\/Tafeldienst1000\/1664213755.png\" class=\"fg-image\" \/><\/span><\/a><figcaption class=\"fg-caption\"><div class=\"fg-caption-inner\"><\/div><\/figcaption><\/figure><div class=\"fg-loader\"><\/div><\/div><div class=\"fg-item\"><figure class=\"fg-item-inner\"><a href=\"https:\/\/www.theglade.com\/wp-content\/uploads\/2021\/03\/Blumengiessen_Dienst1000.png\" data-attachment-id=\"376\" class=\"fg-thumb\"><span class=\"fg-image-wrap\"><img height=\"250\" width=\"206\" data-src-fg=\"https:\/\/www.theglade.com\/wp-content\/uploads\/cache\/2021\/03\/Blumengiessen_Dienst1000\/2205245249.png\" class=\"fg-image\" \/><\/span><\/a><figcaption class=\"fg-caption\"><div class=\"fg-caption-inner\"><\/div><\/figcaption><\/figure><div class=\"fg-loader\"><\/div><\/div><div class=\"fg-item\"><figure class=\"fg-item-inner\"><a href=\"https:\/\/www.theglade.com\/wp-content\/uploads\/2021\/03\/Garderobendienst_1000.png\" data-attachment-id=\"378\" class=\"fg-thumb\"><span class=\"fg-image-wrap\"><img height=\"250\" width=\"204\" data-src-fg=\"https:\/\/www.theglade.com\/wp-content\/uploads\/cache\/2021\/03\/Garderobendienst_1000\/2560857610.png\" class=\"fg-image\" \/><\/span><\/a><figcaption class=\"fg-caption\"><div class=\"fg-caption-inner\"><\/div><\/figcaption><\/figure><div class=\"fg-loader\"><\/div><\/div><div class=\"fg-item\"><figure class=\"fg-item-inner\"><a href=\"https:\/\/www.theglade.com\/wp-content\/uploads\/2021\/03\/Ordnungsdienst1000.png\" data-attachment-id=\"349\" class=\"fg-thumb\"><span class=\"fg-image-wrap\"><img height=\"250\" width=\"203\" data-src-fg=\"https:\/\/www.theglade.com\/wp-content\/uploads\/cache\/2021\/03\/Ordnungsdienst1000\/4275343809.png\" class=\"fg-image\" \/><\/span><\/a><figcaption class=\"fg-caption\"><div class=\"fg-caption-inner\"><\/div><\/figcaption><\/figure><div class=\"fg-loader\"><\/div><\/div><div class=\"fg-item\"><figure class=\"fg-item-inner\"><a href=\"https:\/\/www.theglade.com\/wp-content\/uploads\/2021\/03\/Austeildienst1000.png\" data-attachment-id=\"375\" class=\"fg-thumb\"><span class=\"fg-image-wrap\"><img height=\"250\" width=\"229\" data-src-fg=\"https:\/\/www.theglade.com\/wp-content\/uploads\/cache\/2021\/03\/Austeildienst1000\/3359074152.png\" class=\"fg-image\" \/><\/span><\/a><figcaption class=\"fg-caption\"><div class=\"fg-caption-inner\"><\/div><\/figcaption><\/figure><div class=\"fg-loader\"><\/div><\/div><div class=\"fg-item\"><figure class=\"fg-item-inner\"><a href=\"https:\/\/www.theglade.com\/wp-content\/uploads\/2021\/03\/sport_f.gif\" data-attachment-id=\"361\" class=\"fg-thumb\"><span class=\"fg-image-wrap\"><img height=\"250\" width=\"207\" data-src-fg=\"https:\/\/www.theglade.com\/wp-content\/uploads\/cache\/2021\/03\/sport_f\/4127174271.png\" class=\"fg-image\" \/><\/span><\/a><figcaption class=\"fg-caption\"><div class=\"fg-caption-inner\"><\/div><\/figcaption><\/figure><div class=\"fg-loader\"><\/div><\/div><div class=\"fg-item\"><figure class=\"fg-item-inner\"><a href=\"https:\/\/www.theglade.com\/wp-content\/uploads\/2021\/03\/sozialform-Stuhlkreis_f.gif\" data-attachment-id=\"358\" class=\"fg-thumb\"><span class=\"fg-image-wrap\"><img height=\"250\" width=\"153\" data-src-fg=\"https:\/\/www.theglade.com\/wp-content\/uploads\/cache\/2021\/03\/sozialform-Stuhlkreis_f\/613604272.png\" class=\"fg-image\" \/><\/span><\/a><figcaption class=\"fg-caption\"><div class=\"fg-caption-inner\"><\/div><\/figcaption><\/figure><div class=\"fg-loader\"><\/div><\/div><div class=\"fg-item\"><figure class=\"fg-item-inner\"><a href=\"https:\/\/www.theglade.com\/wp-content\/uploads\/2021\/03\/sozialform-Stuhlkreis2_f.gif\" data-attachment-id=\"359\" class=\"fg-thumb\"><span class=\"fg-image-wrap\"><img height=\"250\" width=\"340\" data-src-fg=\"https:\/\/www.theglade.com\/wp-content\/uploads\/cache\/2021\/03\/sozialform-Stuhlkreis2_f\/1156241340.png\" class=\"fg-image\" \/><\/span><\/a><figcaption class=\"fg-caption\"><div class=\"fg-caption-inner\"><\/div><\/figcaption><\/figure><div class=\"fg-loader\"><\/div><\/div><div class=\"fg-item\"><figure class=\"fg-item-inner\"><a href=\"https:\/\/www.theglade.com\/wp-content\/uploads\/2021\/03\/sozialform-gruppe_f.gif\" data-attachment-id=\"357\" class=\"fg-thumb\"><span class=\"fg-image-wrap\"><img height=\"250\" width=\"499\" data-src-fg=\"https:\/\/www.theglade.com\/wp-content\/uploads\/cache\/2021\/03\/sozialform-gruppe_f\/4106032702.png\" class=\"fg-image\" \/><\/span><\/a><figcaption class=\"fg-caption\"><div class=\"fg-caption-inner\"><\/div><\/figcaption><\/figure><div class=\"fg-loader\"><\/div><\/div><div class=\"fg-item\"><figure class=\"fg-item-inner\"><a href=\"https:\/\/www.theglade.com\/wp-content\/uploads\/2021\/03\/sozialform-zweierarbeit_f.gif\" data-attachment-id=\"360\" class=\"fg-thumb\"><span class=\"fg-image-wrap\"><img height=\"250\" width=\"452\" data-src-fg=\"https:\/\/www.theglade.com\/wp-content\/uploads\/cache\/2021\/03\/sozialform-zweierarbeit_f\/926422283.png\" class=\"fg-image\" \/><\/span><\/a><figcaption class=\"fg-caption\"><div class=\"fg-caption-inner\"><\/div><\/figcaption><\/figure><div class=\"fg-loader\"><\/div><\/div><div class=\"fg-item\"><figure class=\"fg-item-inner\"><a href=\"https:\/\/www.theglade.com\/wp-content\/uploads\/2021\/03\/sozialform-einzelarbeit_f.gif\" data-attachment-id=\"356\" class=\"fg-thumb\"><span class=\"fg-image-wrap\"><img height=\"250\" width=\"275\" data-src-fg=\"https:\/\/www.theglade.com\/wp-content\/uploads\/cache\/2021\/03\/sozialform-einzelarbeit_f\/3112511344.png\" class=\"fg-image\" \/><\/span><\/a><figcaption class=\"fg-caption\"><div class=\"fg-caption-inner\"><\/div><\/figcaption><\/figure><div class=\"fg-loader\"><\/div><\/div><div class=\"fg-item\"><figure class=\"fg-item-inner\"><a href=\"https:\/\/www.theglade.com\/wp-content\/uploads\/2021\/03\/stehlen_f.gif\" data-attachment-id=\"362\" class=\"fg-thumb\"><span class=\"fg-image-wrap\"><img height=\"250\" width=\"233\" data-src-fg=\"https:\/\/www.theglade.com\/wp-content\/uploads\/cache\/2021\/03\/stehlen_f\/1368837104.png\" class=\"fg-image\" \/><\/span><\/a><figcaption class=\"fg-caption\"><div class=\"fg-caption-inner\"><\/div><\/figcaption><\/figure><div class=\"fg-loader\"><\/div><\/div><div class=\"fg-item\"><figure class=\"fg-item-inner\"><a href=\"https:\/\/www.theglade.com\/wp-content\/uploads\/2021\/03\/repekt_f.gif\" data-attachment-id=\"353\" class=\"fg-thumb\"><span class=\"fg-image-wrap\"><img height=\"250\" width=\"262\" data-src-fg=\"https:\/\/www.theglade.com\/wp-content\/uploads\/cache\/2021\/03\/repekt_f\/1785319194.png\" class=\"fg-image\" \/><\/span><\/a><figcaption class=\"fg-caption\"><div class=\"fg-caption-inner\"><\/div><\/figcaption><\/figure><div class=\"fg-loader\"><\/div><\/div><div class=\"fg-item\"><figure class=\"fg-item-inner\"><a href=\"https:\/\/www.theglade.com\/wp-content\/uploads\/2021\/03\/zusatz_maedchenhund_f.gif\" data-attachment-id=\"374\" class=\"fg-thumb\"><span class=\"fg-image-wrap\"><img height=\"250\" width=\"240\" data-src-fg=\"https:\/\/www.theglade.com\/wp-content\/uploads\/cache\/2021\/03\/zusatz_maedchenhund_f\/1519709461.png\" class=\"fg-image\" \/><\/span><\/a><figcaption class=\"fg-caption\"><div class=\"fg-caption-inner\"><\/div><\/figcaption><\/figure><div class=\"fg-loader\"><\/div><\/div><div class=\"fg-item\"><figure class=\"fg-item-inner\"><a href=\"https:\/\/www.theglade.com\/wp-content\/uploads\/2021\/03\/zusatz_indianer_f.gif\" data-attachment-id=\"372\" class=\"fg-thumb\"><span class=\"fg-image-wrap\"><img height=\"250\" width=\"153\" data-src-fg=\"https:\/\/www.theglade.com\/wp-content\/uploads\/cache\/2021\/03\/zusatz_indianer_f\/2331772542.png\" class=\"fg-image\" \/><\/span><\/a><figcaption class=\"fg-caption\"><div class=\"fg-caption-inner\"><\/div><\/figcaption><\/figure><div class=\"fg-loader\"><\/div><\/div><div class=\"fg-item\"><figure class=\"fg-item-inner\"><a href=\"https:\/\/www.theglade.com\/wp-content\/uploads\/2021\/03\/zusatz_jungemitfloete_f.gif\" data-attachment-id=\"373\" class=\"fg-thumb\"><span class=\"fg-image-wrap\"><img height=\"250\" width=\"166\" data-src-fg=\"https:\/\/www.theglade.com\/wp-content\/uploads\/cache\/2021\/03\/zusatz_jungemitfloete_f\/1033398733.png\" class=\"fg-image\" \/><\/span><\/a><figcaption class=\"fg-caption\"><div class=\"fg-caption-inner\"><\/div><\/figcaption><\/figure><div class=\"fg-loader\"><\/div><\/div><div class=\"fg-item\"><figure class=\"fg-item-inner\"><a href=\"https:\/\/www.theglade.com\/wp-content\/uploads\/2021\/03\/leise_f.gif\" data-attachment-id=\"346\" class=\"fg-thumb\"><span class=\"fg-image-wrap\"><img height=\"250\" width=\"174\" data-src-fg=\"https:\/\/www.theglade.com\/wp-content\/uploads\/cache\/2021\/03\/leise_f\/3402567298.png\" class=\"fg-image\" \/><\/span><\/a><figcaption class=\"fg-caption\"><div class=\"fg-caption-inner\"><\/div><\/figcaption><\/figure><div class=\"fg-loader\"><\/div><\/div><div class=\"fg-item\"><figure class=\"fg-item-inner\"><a href=\"https:\/\/www.theglade.com\/wp-content\/uploads\/2021\/03\/v_lachen.gif\" data-attachment-id=\"366\" class=\"fg-thumb\"><span class=\"fg-image-wrap\"><img height=\"250\" width=\"253\" data-src-fg=\"https:\/\/www.theglade.com\/wp-content\/uploads\/cache\/2021\/03\/v_lachen\/1047558772.png\" class=\"fg-image\" \/><\/span><\/a><figcaption class=\"fg-caption\"><div class=\"fg-caption-inner\"><\/div><\/figcaption><\/figure><div class=\"fg-loader\"><\/div><\/div><div class=\"fg-item\"><figure class=\"fg-item-inner\"><a href=\"https:\/\/www.theglade.com\/wp-content\/uploads\/2021\/03\/v_zwinkern.gif\" data-attachment-id=\"370\" class=\"fg-thumb\"><span class=\"fg-image-wrap\"><img height=\"250\" width=\"253\" data-src-fg=\"https:\/\/www.theglade.com\/wp-content\/uploads\/cache\/2021\/03\/v_zwinkern\/2102175791.png\" class=\"fg-image\" \/><\/span><\/a><figcaption class=\"fg-caption\"><div class=\"fg-caption-inner\"><\/div><\/figcaption><\/figure><div class=\"fg-loader\"><\/div><\/div><div class=\"fg-item\"><figure class=\"fg-item-inner\"><a href=\"https:\/\/www.theglade.com\/wp-content\/uploads\/2021\/03\/v_traurig.gif\" data-attachment-id=\"368\" class=\"fg-thumb\"><span class=\"fg-image-wrap\"><img height=\"250\" width=\"253\" data-src-fg=\"https:\/\/www.theglade.com\/wp-content\/uploads\/cache\/2021\/03\/v_traurig\/1191353752.png\" class=\"fg-image\" \/><\/span><\/a><figcaption class=\"fg-caption\"><div class=\"fg-caption-inner\"><\/div><\/figcaption><\/figure><div class=\"fg-loader\"><\/div><\/div><div class=\"fg-item\"><figure class=\"fg-item-inner\"><a href=\"https:\/\/www.theglade.com\/wp-content\/uploads\/2021\/03\/v_gemein.gif\" data-attachment-id=\"365\" class=\"fg-thumb\"><span class=\"fg-image-wrap\"><img height=\"250\" width=\"253\" data-src-fg=\"https:\/\/www.theglade.com\/wp-content\/uploads\/cache\/2021\/03\/v_gemein\/4265251579.png\" class=\"fg-image\" \/><\/span><\/a><figcaption class=\"fg-caption\"><div class=\"fg-caption-inner\"><\/div><\/figcaption><\/figure><div class=\"fg-loader\"><\/div><\/div><div class=\"fg-item\"><figure class=\"fg-item-inner\"><a href=\"https:\/\/www.theglade.com\/wp-content\/uploads\/2021\/03\/v_staunen.gif\" data-attachment-id=\"367\" class=\"fg-thumb\"><span class=\"fg-image-wrap\"><img height=\"250\" width=\"253\" data-src-fg=\"https:\/\/www.theglade.com\/wp-content\/uploads\/cache\/2021\/03\/v_staunen\/293697599.png\" class=\"fg-image\" \/><\/span><\/a><figcaption class=\"fg-caption\"><div class=\"fg-caption-inner\"><\/div><\/figcaption><\/figure><div class=\"fg-loader\"><\/div><\/div><div class=\"fg-item\"><figure class=\"fg-item-inner\"><a href=\"https:\/\/www.theglade.com\/wp-content\/uploads\/2021\/03\/v_aergerlich.gif\" data-attachment-id=\"364\" class=\"fg-thumb\"><span class=\"fg-image-wrap\"><img height=\"250\" width=\"253\" data-src-fg=\"https:\/\/www.theglade.com\/wp-content\/uploads\/cache\/2021\/03\/v_aergerlich\/1421242494.png\" class=\"fg-image\" \/><\/span><\/a><figcaption class=\"fg-caption\"><div class=\"fg-caption-inner\"><\/div><\/figcaption><\/figure><div class=\"fg-loader\"><\/div><\/div><div class=\"fg-item\"><figure class=\"fg-item-inner\"><a href=\"https:\/\/www.theglade.com\/wp-content\/uploads\/2021\/03\/v_wuetend.gif\" data-attachment-id=\"369\" class=\"fg-thumb\"><span class=\"fg-image-wrap\"><img height=\"250\" width=\"253\" data-src-fg=\"https:\/\/www.theglade.com\/wp-content\/uploads\/cache\/2021\/03\/v_wuetend\/1537146547.png\" class=\"fg-image\" \/><\/span><\/a><figcaption class=\"fg-caption\"><div class=\"fg-caption-inner\"><\/div><\/figcaption><\/figure><div class=\"fg-loader\"><\/div><\/div><div class=\"fg-item\"><figure class=\"fg-item-inner\"><a href=\"https:\/\/www.theglade.com\/wp-content\/uploads\/2021\/03\/zusatz_igel_f.gif\" data-attachment-id=\"371\" class=\"fg-thumb\"><span class=\"fg-image-wrap\"><img height=\"250\" width=\"368\" data-src-fg=\"https:\/\/www.theglade.com\/wp-content\/uploads\/cache\/2021\/03\/zusatz_igel_f\/969976209.png\" class=\"fg-image\" \/><\/span><\/a><figcaption class=\"fg-caption\"><div class=\"fg-caption-inner\"><\/div><\/figcaption><\/figure><div class=\"fg-loader\"><\/div><\/div><\/div>\r\n","protected":false},"excerpt":{"rendered":"<p>Vor fast 20 Jahren erstellte ich diese verschiedenen Strichm\u00e4nnchen als Symbole f\u00fcr den Unterricht mit Erstkl\u00e4sslern. Damit k\u00f6nnen verschiedene F\u00e4cher symbolisiert werden, damit die Kinder wissen, welches Unterrichtsfach gerade dran ist (z.B. durch Anbringen des jeweiligen Symbols an der Tafel). Im Laufe der Jahre wurden die Symbole aufgrund der hohen Nachfrage immer wieder erg\u00e4nzt (Sozialformen <a class=\"more-link\" href=\"https:\/\/www.theglade.com\/?page_id=955\">weiterlesen&#8230;<\/a><\/p>\n","protected":false},"author":1,"featured_media":336,"parent":689,"menu_order":0,"comment_status":"closed","ping_status":"closed","template":"","meta":{"footnotes":""},"class_list":["post-955","page","type-page","status-publish","has-post-thumbnail","hentry"],"_links":{"self":[{"href":"https:\/\/www.theglade.com\/index.php?rest_route=\/wp\/v2\/pages\/955","targetHints":{"allow":["GET"]}}],"collection":[{"href":"https:\/\/www.theglade.com\/index.php?rest_route=\/wp\/v2\/pages"}],"about":[{"href":"https:\/\/www.theglade.com\/index.php?rest_route=\/wp\/v2\/types\/page"}],"author":[{"embeddable":true,"href":"https:\/\/www.theglade.com\/index.php?rest_route=\/wp\/v2\/users\/1"}],"replies":[{"embeddable":true,"href":"https:\/\/www.theglade.com\/index.php?rest_route=%2Fwp%2Fv2%2Fcomments&post=955"}],"version-history":[{"count":6,"href":"https:\/\/www.theglade.com\/index.php?rest_route=\/wp\/v2\/pages\/955\/revisions"}],"predecessor-version":[{"id":1281,"href":"https:\/\/www.theglade.com\/index.php?rest_route=\/wp\/v2\/pages\/955\/revisions\/1281"}],"up":[{"embeddable":true,"href":"https:\/\/www.theglade.com\/index.php?rest_route=\/wp\/v2\/pages\/689"}],"wp:featuredmedia":[{"embeddable":true,"href":"https:\/\/www.theglade.com\/index.php?rest_route=\/wp\/v2\/media\/336"}],"wp:attachment":[{"href":"https:\/\/www.theglade.com\/index.php?rest_route=%2Fwp%2Fv2%2Fmedia&parent=955"}],"curies":[{"name":"wp","href":"https:\/\/api.w.org\/{rel}","templated":true}]}}