{"id":693,"date":"2021-03-08T18:38:20","date_gmt":"2021-03-08T17:38:20","guid":{"rendered":"https:\/\/www.theglade.com\/?page_id=693"},"modified":"2021-03-11T23:30:00","modified_gmt":"2021-03-11T22:30:00","slug":"games","status":"publish","type":"page","link":"https:\/\/www.theglade.com\/?page_id=693","title":{"rendered":"Eigene Games"},"content":{"rendered":"\n<p>Seit 1992 programmiere ich kleinere Videospiele, bis 2016 entstanden so vor allem Games mit der Zosse-Posse. In den letzten Jahren habe ich unter dem Label tscs.net einige Spiele f\u00fcr Windows, Web und Smartphones ver\u00f6ffentlicht.<\/p>\n\n\n\n<section id=\"section-b07af18e-ab42-4d76-a089-cbffeb252a83\" class=\"wp-block-gutentor-divider section-b07af18e-ab42-4d76-a089-cbffeb252a83 gutentor-element gutentor-section gutentor-divider text-center\"><div class=\"grid-container\"><div class=\"gutentor-divider-box\"><span><svg xmlns=\"http:\/\/www.w3.org\/2000\/svg\" viewBox=\"0 0 240 40\" preserveAspectRatio=\"none\"><path d=\"M56.2 20c5.3-.1 10.6-.2 16-.3l16-.2c10.6-.1 21.3-.1 31.9-.2 10.6.1 21.3 0 31.9.1l16 .2c5.3.1 10.6.2 16 .3-5.3.1-10.6.2-16 .3l-16 .2c-10.6.1-21.3.1-31.9.1-10.6-.1-21.3 0-31.9-.2l-16-.2c-5.4.1-10.7 0-16-.1z\"><\/path><\/svg><\/span><\/div><\/div><\/section>\n\n\n\n<p><strong>Spiele mit unterschiedlichem Inhalt:<\/strong><\/p>\n\n\n\n<section id=\"gm0e731d4\" class=\"wp-block-gutentor-m4 section-gm0e731d4 gutentor-module gutentor-advanced-columns\"><div class=\"grid-container\"><div class=\"grid-row\">\n<div id=\"col-gm3a9308\" class=\"wp-block-gutentor-m4-col col-gm3a9308 gutentor-single-column  grid-lg-3 grid-md-12 grid-12\"><div id=\"section-gm3a9308\" class=\"section-gm3a9308 gutentor-col-wrap\">\n<div id=\"section-gad7d79\" class=\"wp-block-gutentor-e6 section-gad7d79 gutentor-element gutentor-element-image\"><div class=\"gutentor-element-image-box\"><a class=\"gutentor-element-image-link\" href=\"https:\/\/www.lorek4landtag.de\" target=\"_blank\" rel=\"noopener noreferrer\"><div class=\"gutentor-image-thumb\"><img decoding=\"async\" class=\"normal-image\" src=\"https:\/\/www.theglade.com\/wp-content\/uploads\/2021\/03\/sigi.png\"\/><\/div><\/a><\/div><\/div>\n\n\n\n<p><\/p>\n<\/div><\/div>\n\n\n\n<div id=\"col-gm2479cb\" class=\"wp-block-gutentor-m4-col col-gm2479cb gutentor-single-column  grid-lg-9 grid-md-12 grid-12\"><div id=\"section-gm2479cb\" class=\"section-gm2479cb gutentor-col-wrap\">\n<p><strong>Sigi GO!! &#8211; Lorek4Landtag<\/strong> (2021, Web\/Mobil)<br>Dieser kleine Runner wurde f\u00fcr den Wahlkampf von Siegfried Lorek entwickelt. H\u00fcpfe mit Sigi durch den Wahkreis und sammle Stimmen f\u00fcr die CDU.<\/p>\n\n\n\n<p><a rel=\"noreferrer noopener\" href=\"https:\/\/www.lorek4landtag.de\" target=\"_blank\">Mehr Infos \/ Spielen<\/a><\/p>\n<\/div><\/div>\n<\/div><\/div><\/section>\n\n\n\n<section id=\"gm5ea4d05\" class=\"wp-block-gutentor-m4 section-gm5ea4d05 gutentor-module gutentor-advanced-columns\"><div class=\"grid-container\"><div class=\"grid-row\">\n<div id=\"col-gmcc7e5f\" class=\"wp-block-gutentor-m4-col col-gmcc7e5f gutentor-single-column  grid-lg-3 grid-md-12 grid-12\"><div id=\"section-gmcc7e5f\" class=\"section-gmcc7e5f gutentor-col-wrap\">\n<div id=\"section-gd67b1f\" class=\"wp-block-gutentor-e6 section-gd67b1f gutentor-element gutentor-element-image\"><div class=\"gutentor-element-image-box\"><a class=\"gutentor-element-image-link\" href=\"https:\/\/7underattack.tscs.net\" target=\"_blank\" rel=\"noopener noreferrer\"><div class=\"gutentor-image-thumb\"><img decoding=\"async\" class=\"normal-image\" src=\"https:\/\/www.theglade.com\/wp-content\/uploads\/2021\/03\/no7underattack_screenshot.png\"\/><\/div><\/a><\/div><\/div>\n\n\n\n<p><\/p>\n<\/div><\/div>\n\n\n\n<div id=\"col-gmd27f7e\" class=\"wp-block-gutentor-m4-col col-gmd27f7e gutentor-single-column  grid-lg-9 grid-md-12 grid-12\"><div id=\"section-gmd27f7e\" class=\"section-gmd27f7e gutentor-col-wrap\">\n<p>#<strong>7<\/strong> <strong>under attack<\/strong> (2020, Web\/Mobil)<br>Eine Minispiel, das spontan entstand und als satirischer Kommentar zu einem kirchlichen Ereignis gedacht ist.<\/p>\n\n\n\n<p><a rel=\"noreferrer noopener\" href=\"http:\/\/7underattack.tscs.net\" target=\"_blank\">Mehr Infos \/ Spielen<\/a><\/p>\n<\/div><\/div>\n<\/div><\/div><\/section>\n\n\n\n<section id=\"gm2b363cd\" class=\"wp-block-gutentor-m4 section-gm2b363cd gutentor-module gutentor-advanced-columns\"><div class=\"grid-container\"><div class=\"grid-row\">\n<div id=\"col-gme93b16\" class=\"wp-block-gutentor-m4-col col-gme93b16 gutentor-single-column  grid-lg-3 grid-md-12 grid-12\"><div id=\"section-gme93b16\" class=\"section-gme93b16 gutentor-col-wrap\">\n<div id=\"section-ga24ba3\" class=\"wp-block-gutentor-e6 section-ga24ba3 gutentor-element gutentor-element-image\"><div class=\"gutentor-element-image-box\"><a class=\"gutentor-element-image-link\" href=\"http:\/\/www.pixel-luther.de\" target=\"_blank\" rel=\"noopener noreferrer\"><div class=\"gutentor-image-thumb\"><img decoding=\"async\" class=\"normal-image\" src=\"https:\/\/www.theglade.com\/wp-content\/uploads\/2021\/03\/1low1280.png\"\/><\/div><\/a><\/div><\/div>\n\n\n\n<p><\/p>\n<\/div><\/div>\n\n\n\n<div id=\"col-gm99647b\" class=\"wp-block-gutentor-m4-col col-gm99647b gutentor-single-column  grid-lg-9 grid-md-12 grid-12\"><div id=\"section-gm99647b\" class=\"section-gm99647b gutentor-col-wrap\">\n<p><strong>Pixel-Luther<\/strong> (2017, Web\/Mobil)<br>Als Schulprojekt wurde dieses Jump&amp;Run im Religionsunterricht entwickelt. Die Webseite dokumentierte den Entstehungsprozess. Das Projekt bekam einen 1. Preis beim Wettbewerb &#8222;Kirche macht was aus deiner Idee&#8220;.<\/p>\n\n\n\n<p><a rel=\"noreferrer noopener\" href=\"http:\/\/www.pixel-luther.de\" target=\"_blank\">Mehr Infos \/ Spielen<\/a><\/p>\n<\/div><\/div>\n<\/div><\/div><\/section>\n\n\n\n<section id=\"gm338f54e\" class=\"wp-block-gutentor-m4 section-gm338f54e gutentor-module gutentor-advanced-columns\"><div class=\"grid-container\"><div class=\"grid-row\">\n<div id=\"col-gmba09ad\" class=\"wp-block-gutentor-m4-col col-gmba09ad gutentor-single-column  grid-lg-3 grid-md-12 grid-12\"><div id=\"section-gmba09ad\" class=\"section-gmba09ad gutentor-col-wrap\">\n<div id=\"section-gae64d4\" class=\"wp-block-gutentor-e6 section-gae64d4 gutentor-element gutentor-element-image\"><div class=\"gutentor-element-image-box\"><a class=\"gutentor-element-image-link\" href=\"https:\/\/www.theglade.com\/?page_id=1129\" rel=\"noopener noreferrer\"><div class=\"gutentor-image-thumb\"><img decoding=\"async\" class=\"normal-image\" src=\"https:\/\/www.theglade.com\/wp-content\/uploads\/2021\/03\/screenshot1.png\"\/><\/div><\/a><\/div><\/div>\n\n\n\n<p><\/p>\n<\/div><\/div>\n\n\n\n<div id=\"col-gmef014c\" class=\"wp-block-gutentor-m4-col col-gmef014c gutentor-single-column  grid-lg-9 grid-md-12 grid-12\"><div id=\"section-gmef014c\" class=\"section-gmef014c gutentor-col-wrap\">\n<p><strong>Pfarrplan RUN!!<\/strong> (2017, Web\/Mobil)<br>Ein einfacher Runner f\u00fcr Android und HTML5 als satirischer Kommentar zum Pfarrplanprozess in W\u00fcrttemberg. <\/p>\n\n\n\n<p><a href=\"https:\/\/www.theglade.com\/?page_id=1129\" data-type=\"page\" data-id=\"1129\">Mehr Infos \/ Spielen<\/a><\/p>\n<\/div><\/div>\n<\/div><\/div><\/section>\n\n\n\n<section id=\"section-76eb18e6-8a47-47b4-a3ec-209917b6c28d\" class=\"wp-block-gutentor-divider section-76eb18e6-8a47-47b4-a3ec-209917b6c28d gutentor-element gutentor-section gutentor-divider text-center\"><div class=\"grid-container\"><div class=\"gutentor-divider-box\"><span><svg xmlns=\"http:\/\/www.w3.org\/2000\/svg\" viewBox=\"0 0 240 40\" preserveAspectRatio=\"none\"><path d=\"M56.2 20c5.3-.1 10.6-.2 16-.3l16-.2c10.6-.1 21.3-.1 31.9-.2 10.6.1 21.3 0 31.9.1l16 .2c5.3.1 10.6.2 16 .3-5.3.1-10.6.2-16 .3l-16 .2c-10.6.1-21.3.1-31.9.1-10.6-.1-21.3 0-31.9-.2l-16-.2c-5.4.1-10.7 0-16-.1z\"><\/path><\/svg><\/span><\/div><\/div><\/section>\n\n\n\n<p><strong>Spiele mit der Zosse-Posse:<\/strong><\/p>\n\n\n\n<section id=\"gm3e06cf0\" class=\"wp-block-gutentor-m4 section-gm3e06cf0 gutentor-module gutentor-advanced-columns\"><div class=\"grid-container\"><div class=\"grid-row\">\n<div id=\"col-gm148501\" class=\"wp-block-gutentor-m4-col col-gm148501 gutentor-single-column  grid-lg-3 grid-md-12 grid-12\"><div id=\"section-gm148501\" class=\"section-gm148501 gutentor-col-wrap\">\n<div id=\"section-gf33744\" class=\"wp-block-gutentor-e6 section-gf33744 gutentor-element gutentor-element-image\"><div class=\"gutentor-element-image-box\"><a class=\"gutentor-element-image-link\" href=\"https:\/\/www.theglade.com\/?page_id=1024\" rel=\"noopener noreferrer\"><div class=\"gutentor-image-thumb\"><img decoding=\"async\" class=\"normal-image\" src=\"https:\/\/www.theglade.com\/wp-content\/uploads\/2021\/03\/screenshot3a.png\"\/><\/div><\/a><\/div><\/div>\n\n\n\n<p><\/p>\n<\/div><\/div>\n\n\n\n<div id=\"col-gm4e9c49\" class=\"wp-block-gutentor-m4-col col-gm4e9c49 gutentor-single-column  grid-lg-9 grid-md-12 grid-12\"><div id=\"section-gm4e9c49\" class=\"section-gm4e9c49 gutentor-col-wrap\">\n<p><strong>Steinmetz RUN!!<\/strong> (2017, Web\/Mobil)<br>Ein einfacher Runner f\u00fcr Android und HTML5 mit Armin, dem Metzler. Teil 3 der Steinmetz-Spiele. <\/p>\n\n\n\n<p><a href=\"https:\/\/www.theglade.com\/?page_id=1024\" data-type=\"page\" data-id=\"1024\">Mehr Infos \/ Spielen<\/a><\/p>\n<\/div><\/div>\n<\/div><\/div><\/section>\n\n\n\n<section id=\"gm8f54493\" class=\"wp-block-gutentor-m4 section-gm8f54493 gutentor-module gutentor-advanced-columns\"><div class=\"grid-container\"><div class=\"grid-row\">\n<div id=\"col-gm999ad9\" class=\"wp-block-gutentor-m4-col col-gm999ad9 gutentor-single-column  grid-lg-3 grid-md-12 grid-12\"><div id=\"section-gm999ad9\" class=\"section-gm999ad9 gutentor-col-wrap\">\n<div id=\"section-ge5399c\" class=\"wp-block-gutentor-e6 section-ge5399c gutentor-element gutentor-element-image\"><div class=\"gutentor-element-image-box\"><a class=\"gutentor-element-image-link\" href=\"https:\/\/www.theglade.com\/?page_id=1144\" rel=\"noopener noreferrer\"><div class=\"gutentor-image-thumb\"><img decoding=\"async\" class=\"normal-image\" src=\"https:\/\/www.theglade.com\/wp-content\/uploads\/2021\/03\/lozp-screenshot1.png\"\/><\/div><\/a><\/div><\/div>\n\n\n\n<p><\/p>\n<\/div><\/div>\n\n\n\n<div id=\"col-gm9cd3d4\" class=\"wp-block-gutentor-m4-col col-gm9cd3d4 gutentor-single-column  grid-lg-9 grid-md-12 grid-12\"><div id=\"section-gm9cd3d4\" class=\"section-gm9cd3d4 gutentor-col-wrap\">\n<p><strong>Legend of Zosse-Posse: Stonecutter&#8217;s return <\/strong>(2009, Windows)<br>Ein Adventure in der Art der fr\u00fchen Zelda-Spiele. Teil 2 der Steinmetz-Reihe.<\/p>\n\n\n\n<p><a href=\"https:\/\/www.theglade.com\/?page_id=1144\" data-type=\"page\" data-id=\"1144\">Mehr Infos \/ Download<\/a><\/p>\n<\/div><\/div>\n<\/div><\/div><\/section>\n\n\n\n<section id=\"gmaa6186c\" class=\"wp-block-gutentor-m4 section-gmaa6186c gutentor-module gutentor-advanced-columns\"><div class=\"grid-container\"><div class=\"grid-row\">\n<div id=\"col-gm532d27\" class=\"wp-block-gutentor-m4-col col-gm532d27 gutentor-single-column  grid-lg-3 grid-md-12 grid-12\"><div id=\"section-gm532d27\" class=\"section-gm532d27 gutentor-col-wrap\">\n<div id=\"section-g4b26ab\" class=\"wp-block-gutentor-e6 section-g4b26ab gutentor-element gutentor-element-image\"><div class=\"gutentor-element-image-box\"><div class=\"gutentor-image-thumb\"><img decoding=\"async\" class=\"normal-image\" src=\"https:\/\/www.theglade.com\/wp-content\/uploads\/2021\/03\/ew2002x.gif\"\/><\/div><\/div><\/div>\n\n\n\n<p><\/p>\n<\/div><\/div>\n\n\n\n<div id=\"col-gmc713d5\" class=\"wp-block-gutentor-m4-col col-gmc713d5 gutentor-single-column  grid-lg-9 grid-md-12 grid-12\"><div id=\"section-gmc713d5\" class=\"section-gmc713d5 gutentor-col-wrap\">\n<p><strong>Entenwahn 2002 XXL<\/strong> (2002, Windows)<br>Das erste umfangreiche Zosse-Posse-Spiel. Schie\u00df die Enten ab und erf\u00fclle dabei Zusatzaufgaben um ganz oben in die Highscoreliste zu kommen. Zus\u00e4tzliche Infos: <a href=\"http:\/\/theglade.com\/cms\/front_content.php?idcat=109&amp;lang=1\">Entenwahn-Guide<\/a> mit Infos zu allen Figuren.<\/p>\n\n\n\n<p><a href=\"https:\/\/www.theglade.com\/wp-content\/uploads\/2021\/03\/ew2002x.zip\">Download<\/a><\/p>\n<\/div><\/div>\n<\/div><\/div><\/section>\n\n\n\n<section id=\"gm67684e0\" class=\"wp-block-gutentor-m4 section-gm67684e0 gutentor-module gutentor-advanced-columns\"><div class=\"grid-container\"><div class=\"grid-row\">\n<div id=\"col-gm5ef729\" class=\"wp-block-gutentor-m4-col col-gm5ef729 gutentor-single-column  grid-lg-3 grid-md-12 grid-12\"><div id=\"section-gm5ef729\" class=\"section-gm5ef729 gutentor-col-wrap\">\n<div id=\"section-g32ba8f\" class=\"wp-block-gutentor-e6 section-g32ba8f gutentor-element gutentor-element-image\"><div class=\"gutentor-element-image-box\"><div class=\"gutentor-image-thumb\"><img decoding=\"async\" class=\"normal-image\" src=\"https:\/\/www.theglade.com\/wp-content\/uploads\/2021\/03\/dsungi2.gif\"\/><\/div><\/div><\/div>\n\n\n\n<p><\/p>\n<\/div><\/div>\n\n\n\n<div id=\"col-gm57b30f\" class=\"wp-block-gutentor-m4-col col-gm57b30f gutentor-single-column  grid-lg-9 grid-md-12 grid-12\"><div id=\"section-gm57b30f\" class=\"section-gm57b30f gutentor-col-wrap\">\n<p><strong>Go, Dsungi, Go!<\/strong> (2001, Windows)<br>Ein kleiner Frogger-Klon. Ziel ist es, dem wei\u00dfen Hamster Dsungi \u00fcber die Stra\u00dfe und den Flu\u00df zu helfen.<\/p>\n\n\n\n<p><a rel=\"noreferrer noopener\" href=\"http:\/\/www.pixel-luther.de\" target=\"_blank\">Download<\/a><\/p>\n<\/div><\/div>\n<\/div><\/div><\/section>\n","protected":false},"excerpt":{"rendered":"<p>Seit 1992 programmiere ich kleinere Videospiele, bis 2016 entstanden so vor allem Games mit der Zosse-Posse. In den letzten Jahren habe ich unter dem Label tscs.net einige Spiele f\u00fcr Windows, Web und Smartphones ver\u00f6ffentlicht. Spiele mit unterschiedlichem Inhalt: Spiele mit der Zosse-Posse:<\/p>\n","protected":false},"author":1,"featured_media":1165,"parent":0,"menu_order":0,"comment_status":"closed","ping_status":"closed","template":"","meta":{"footnotes":""},"class_list":["post-693","page","type-page","status-publish","has-post-thumbnail","hentry"],"_links":{"self":[{"href":"https:\/\/www.theglade.com\/index.php?rest_route=\/wp\/v2\/pages\/693","targetHints":{"allow":["GET"]}}],"collection":[{"href":"https:\/\/www.theglade.com\/index.php?rest_route=\/wp\/v2\/pages"}],"about":[{"href":"https:\/\/www.theglade.com\/index.php?rest_route=\/wp\/v2\/types\/page"}],"author":[{"embeddable":true,"href":"https:\/\/www.theglade.com\/index.php?rest_route=\/wp\/v2\/users\/1"}],"replies":[{"embeddable":true,"href":"https:\/\/www.theglade.com\/index.php?rest_route=%2Fwp%2Fv2%2Fcomments&post=693"}],"version-history":[{"count":29,"href":"https:\/\/www.theglade.com\/index.php?rest_route=\/wp\/v2\/pages\/693\/revisions"}],"predecessor-version":[{"id":1285,"href":"https:\/\/www.theglade.com\/index.php?rest_route=\/wp\/v2\/pages\/693\/revisions\/1285"}],"wp:featuredmedia":[{"embeddable":true,"href":"https:\/\/www.theglade.com\/index.php?rest_route=\/wp\/v2\/media\/1165"}],"wp:attachment":[{"href":"https:\/\/www.theglade.com\/index.php?rest_route=%2Fwp%2Fv2%2Fmedia&parent=693"}],"curies":[{"name":"wp","href":"https:\/\/api.w.org\/{rel}","templated":true}]}}